{"id":56,"date":"2015-08-10T08:49:09","date_gmt":"2015-08-10T14:49:09","guid":{"rendered":"http:\/\/lke.cs.buap.mx\/?page_id=56"},"modified":"2021-06-03T19:03:48","modified_gmt":"2021-06-04T01:03:48","slug":"contact","status":"publish","type":"page","link":"https:\/\/lke.buap.mx\/2021\/index.php\/contact\/","title":{"rendered":"Contact \/ Venue"},"content":{"rendered":"<div style=\"padding-left: 30px;\"><a href=\"http:\/\/www.relacionesinternacionales.buap.mx\/recursos\/videos\/buap-en.mp4\" target=\"_blank\" rel=\"noopener\">Benem\u00e9rita Universidad Aut\u00f3noma de Puebla<\/a><\/div>\n<div style=\"padding-left: 30px;\">Language &amp; Knowledge Engineering Lab (Laboratorio de Ingenier\u00eda del Lenguaje y del Conocimiento)<\/div>\n<div style=\"padding-left: 30px;\">EMA 7 Edificio Multilaboratorios<\/div>\n<div style=\"padding-left: 30px;\">Ciudad Universitaria, 72592, Col. San Manuel, <a href=\"http:\/\/www.relacionesinternacionales.buap.mx\/recursos\/videos\/puebla-en.mp4\" target=\"_blank\" rel=\"noopener\">Puebla, Pue. M\u00e9xico<\/a><\/div>\n<div style=\"padding-left: 30px;\">Tel. VoIP: +52 (222) 229 55 00 ext. 2856, 7248<\/div>\n<div style=\"padding-left: 30px;\">Mobile phone: (+52) 2221325425<\/div>\n<div style=\"padding-left: 30px;\"><strong>E-mail:<\/strong> bbeltranmtz@gmail.com<\/div>\n<div style=\"padding-left: 30px;\"><\/div>\n<h2>Google maps location:<\/h2>\n<p><iframe loading=\"lazy\" style=\"border: 0;\" src=\"https:\/\/www.google.com\/maps\/embed?pb=!1m18!1m12!1m3!1d2330.4443823837946!2d-98.19923178258519!3d18.995970154624736!2m3!1f0!2f0!3f0!3m2!1i1024!2i768!4f13.1!3m3!1m2!1s0x0%3A0x6e91775a270ccd72!2sEMA%207%20Edificio%20Multilaboratorios!5e0!3m2!1ses-419!2smx!4v1619752183183!5m2!1ses-419!2smx\" width=\"600\" height=\"450\" allowfullscreen=\"allowfullscreen\"><\/iframe><\/p>\n<div style=\"padding-left: 30px;\"><em>http:\/\/lke.cs.buap.mx<\/em><\/div>\n<p style=\"padding-left: 30px;\"><a href=\"https:\/\/www.facebook.com\/lkebuap\" target=\"_blank\" rel=\"noopener\"><img loading=\"lazy\" class=\"alignnone wp-image-82\" src=\"http:\/\/lke.cs.buap.mx\/2016\/wp-content\/uploads\/2016\/07\/face.png\" alt=\"face\" width=\"50\" height=\"50\" \/><\/a>\u00a0\u00a0<a href=\"https:\/\/twitter.com\/lke_buap\" target=\"_blank\" rel=\"noopener\"><img loading=\"lazy\" class=\"alignnone wp-image-79\" src=\"http:\/\/lke.cs.buap.mx\/2016\/wp-content\/uploads\/2016\/07\/twitter.jpg\" alt=\"twitter\" width=\"50\" height=\"50\" \/><\/a><\/p>\n<hr \/>\n","protected":false},"excerpt":{"rendered":"<p>Benem\u00e9rita Universidad Aut\u00f3noma de Puebla Language &amp; Knowledge Engineering Lab (Laboratorio de Ingenier\u00eda del Lenguaje y del Conocimiento) EMA 7 Edificio Multilaboratorios Ciudad Universitaria, 72592, Col. San Manuel, Puebla, Pue. <a class=\"more-link\" href=\"https:\/\/lke.buap.mx\/2021\/index.php\/contact\/\">Continue Reading &rarr;<\/a><\/p>\n","protected":false},"author":1,"featured_media":0,"parent":0,"menu_order":0,"comment_status":"closed","ping_status":"closed","template":"","meta":[],"_links":{"self":[{"href":"https:\/\/lke.buap.mx\/2021\/index.php\/wp-json\/wp\/v2\/pages\/56"}],"collection":[{"href":"https:\/\/lke.buap.mx\/2021\/index.php\/wp-json\/wp\/v2\/pages"}],"about":[{"href":"https:\/\/lke.buap.mx\/2021\/index.php\/wp-json\/wp\/v2\/types\/page"}],"author":[{"embeddable":true,"href":"https:\/\/lke.buap.mx\/2021\/index.php\/wp-json\/wp\/v2\/users\/1"}],"replies":[{"embeddable":true,"href":"https:\/\/lke.buap.mx\/2021\/index.php\/wp-json\/wp\/v2\/comments?post=56"}],"version-history":[{"count":39,"href":"https:\/\/lke.buap.mx\/2021\/index.php\/wp-json\/wp\/v2\/pages\/56\/revisions"}],"predecessor-version":[{"id":1446,"href":"https:\/\/lke.buap.mx\/2021\/index.php\/wp-json\/wp\/v2\/pages\/56\/revisions\/1446"}],"wp:attachment":[{"href":"https:\/\/lke.buap.mx\/2021\/index.php\/wp-json\/wp\/v2\/media?parent=56"}],"curies":[{"name":"wp","href":"https:\/\/api.w.org\/{rel}","templated":true}]}}