{"id":102,"date":"2015-09-07T15:00:53","date_gmt":"2015-09-07T21:00:53","guid":{"rendered":"http:\/\/lke.cs.buap.mx\/?page_id=102"},"modified":"2021-10-30T13:10:37","modified_gmt":"2021-10-30T19:10:37","slug":"humanlike-robot","status":"publish","type":"page","link":"https:\/\/lke.buap.mx\/2021\/index.php\/humanlike-robot\/","title":{"rendered":"Humanlike Robots"},"content":{"rendered":"\n<h2>Arthur<\/h2>\n\n\n\n<p>This is a unique realistic human-like robot, which you can know at BUAP in order to share opportunities of collaboration in terms of research and applications associated to this interesting humanoid.<\/p>\n\n\n\n<p><a><iframe loading=\"lazy\" width=\"560\" height=\"315\" src=\"https:\/\/www.youtube.com\/embed\/WzQNV7mjoE8\" title=\"YouTube video player\" frameborder=\"0\" allow=\"accelerometer; autoplay; clipboard-write; encrypted-media; gyroscope; picture-in-picture\" allowfullscreen=\"\"><\/iframe><\/a><\/p>\n\n\n\n<hr class=\"wp-block-separator\"\/>\n\n\n\n<h2>Husky<\/h2>\n\n\n\n<p>This is a humanoid like robot created at the Language &amp; Knowledge Engineering Lab of the Benem\u00e9rita Universidad Aut\u00f3noma de Puebla (BUAP), under the supervision of Profr. David Pinto<\/p>\n\n\n\n<p><iframe loading=\"lazy\" width=\"560\" height=\"315\" src=\"https:\/\/www.youtube.com\/embed\/-hNJiTCJcF0\" title=\"YouTube video player\" frameborder=\"0\" allow=\"accelerometer; autoplay; clipboard-write; encrypted-media; gyroscope; picture-in-picture\" allowfullscreen=\"\"><\/p><\/iframe><\/p>\n\n\n\n<p><iframe loading=\"lazy\" width=\"560\" height=\"315\" src=\"https:\/\/www.youtube.com\/embed\/C8Y6mGAB6T8\" title=\"YouTube video player\" frameborder=\"0\" allow=\"accelerometer; autoplay; clipboard-write; encrypted-media; gyroscope; picture-in-picture\" allowfullscreen=\"\"><\/p><\/iframe><\/p>\n\n\n\n<h2>George<\/h2>\n\n\n\n<p>This is a humanoid created for the Language &amp; Knowledge Engineering (LKE) Lab of the Benem\u00e9rita Universidad Aut\u00f3noma de Puebla (BUAP), at Puebla city, M\u00e9xico. <\/p>\n\n\n\n<p><iframe loading=\"lazy\" width=\"560\" height=\"315\" src=\"https:\/\/www.youtube.com\/embed\/jbC53hB5ru0\" title=\"YouTube video player\" frameborder=\"0\" allow=\"accelerometer; autoplay; clipboard-write; encrypted-media; gyroscope; picture-in-picture\" allowfullscreen=\"\"><\/iframe><\/p>\n","protected":false},"excerpt":{"rendered":"<p>Arthur This is a unique realistic human-like robot, which you can know at BUAP in order to share opportunities of collaboration in terms of research and applications associated to this <a class=\"more-link\" href=\"https:\/\/lke.buap.mx\/2021\/index.php\/humanlike-robot\/\">Continue Reading &rarr;<\/a><\/p>\n","protected":false},"author":1,"featured_media":0,"parent":0,"menu_order":0,"comment_status":"closed","ping_status":"closed","template":"","meta":[],"_links":{"self":[{"href":"https:\/\/lke.buap.mx\/2021\/index.php\/wp-json\/wp\/v2\/pages\/102"}],"collection":[{"href":"https:\/\/lke.buap.mx\/2021\/index.php\/wp-json\/wp\/v2\/pages"}],"about":[{"href":"https:\/\/lke.buap.mx\/2021\/index.php\/wp-json\/wp\/v2\/types\/page"}],"author":[{"embeddable":true,"href":"https:\/\/lke.buap.mx\/2021\/index.php\/wp-json\/wp\/v2\/users\/1"}],"replies":[{"embeddable":true,"href":"https:\/\/lke.buap.mx\/2021\/index.php\/wp-json\/wp\/v2\/comments?post=102"}],"version-history":[{"count":9,"href":"https:\/\/lke.buap.mx\/2021\/index.php\/wp-json\/wp\/v2\/pages\/102\/revisions"}],"predecessor-version":[{"id":1577,"href":"https:\/\/lke.buap.mx\/2021\/index.php\/wp-json\/wp\/v2\/pages\/102\/revisions\/1577"}],"wp:attachment":[{"href":"https:\/\/lke.buap.mx\/2021\/index.php\/wp-json\/wp\/v2\/media?parent=102"}],"curies":[{"name":"wp","href":"https:\/\/api.w.org\/{rel}","templated":true}]}}